 divided by (10/(80/(-6)))/((-2)/24).
6
Let y(z) = 2*z - 6. Let d = -14 + 41. Calculate the remainder when d is divided by y(10).
13
Suppose -3*y = -u - 199, -y - 2*u - 197 = -4*y. Suppose 2*c = 3*c - 17. Calculate the remainder when y is divided by c.
16
Let x(z) = -z**2 - 10*z + 28. Let c = 4 + 9. What is the remainder when c is divided by x(-12)?
1
Suppose -90*l - 293 = -2273. Calculate the remainder when 34 is divided by l.
12
Calculate the remainder when 72 is divided by (-59 - -1)*14/(-28).
14
Calculate the remainder when (220/3)/(22/297*3) is divided by 3.
0
Calculate the remainder when ((-8)/14)/(4*5/(-21490)) is divided by 14.
12
Suppose 8*w - 279 = 257. What is the remainder when w is divided by 17?
16
Let z(v) = -26*v**3 + v. Let a be z(-1). Suppose 4*t + 12 = -7*p + 3*p, -3*p = -12. Let k = t + a. What is the remainder when 70 is divided by k?
16
Suppose -5*a + v + 2 = 0, -8 = 3*a + a - 4*v. Suppose 4 = 2*g - 6*g. What is the remainder when (7 + g)*(-8)/(-24) is divided by a?
0
Let m(i) = -8*i**2 + 26*i**3 + i + 3*i - 22*i**3. Calculate the remainder when m(3) is divided by 7.
6
Suppose -l + 3*j + 2 = -7, 0 = 4*l - j - 91. Calculate the remainder when l is divided by (-7)/2*(26/(-7) - -2).
0
Let d(w) = -w**3 + w**2 + 4*w + 19. What is the remainder when d(-6) is divided by 10?
7
Let b = -86 + 80. What is the remainder when b/14 + 1728/112 is divided by 5?
0
Suppose 3*y + 3*z = 12, 3*y - 143*z + 141*z = 27. Let k(r) = r**2 - 2*r + 4. Calculate the remainder when k(5) is divided by y.
5
Let q = -16 + 20. Let c = -16 + q. Let f = -1 - c. Calculate the remainder when 30 is divided by f.
8
Let r(a) = 3*a**2 - 63*a - 193. What is the remainder when 1513 is divided by r(-3)?
18
Suppose 5 = 5*p - 5. Let u be (-21)/(-3) + -4 + p. Suppose -z = -2*z + u. Calculate the remainder when 8 is divided by z.
3
Suppose 2*d + 156 = 2*n, 0 = -4*n - 2*d - 136 + 430. Let w = n + -67. Calculate the remainder when w is divided by 5.
3
Suppose 23 = 5*t - m, 4*t - 28 = -4*m + 8*m. Calculate the remainder when t is divided by 3.
1
Let r(u) = 13*u - 1. Let b = -7044 - -7155. What is the remainder when b is divided by r(3)?
35
Let r(k) = -k**3 - 5*k**2 + 4*k - 2. Let v be r(-6). Let w = v + -6. Suppose -w*t - 76 + 28 = -4*n, n - 3*t = 16. What is the remainder when 38 is divided by n?
8
Let m(f) = -f + 3*f - f + 4 + 0*f. Let b be m(-8). Let r = b - -10. Calculate the remainder when 8 is divided by r.
2
Let o = -1 + -4. Let w = -191 + 196. Calculate the remainder when (-9)/12*60/o is divided by w.
4
Suppose 0 = -44*g + 399 + 1889. Calculate the remainder when g is divided by 13.
0
Let h(p) = -26*p**2 - 2*p - 8. Let y be h(-2). Let a = y + 115. What is the remainder when 116 is divided by a?
4
Let d(q) = q**3 + 4*q**2 - 4*q. Let i be d(-6). Let x be (22/6)/((-2)/i). Let g = x + -45. Calculate the remainder when g is divided by 11.
10
Suppose 2*g - 5*l = -87, -l - 3*l - 37 = g. Let o = g + 75. What is the remainder when 134 is divided by o?
32
Let h(x) = x**3 - 12*x**2 + 10*x - 6. Let r be h(4). Let f = r + 110. What is the remainder when 92 is divided by f?
12
Suppose 0 = -0*w + 6*w - 726. What is the remainder when w is divided by 41?
39
Let b = -51 + 99. Suppose 105 + b = 3*o. Suppose 42 + o = x. What is the remainder when x is divided by 19?
17
Suppose 4*g = 4*n + g - 2021, -2*n + 1015 = -3*g. Calculate the remainder when n is divided by 22.
19
Suppose 16 = y + n, 0*n = 4*y - 4*n - 32. Let d = -10 + y. Calculate the remainder when 32 is divided by d*(-1 - (-26)/4).
10
Suppose -h + 38 = p, -5*p - 2*h - 2*h = -192. What is the remainder when 45 is divided by 242/20 + (-4)/p?
9
Let x = -952 - -986. What is the remainder when 155 is divided by x?
19
What is the remainder when 161 is divided by 5 - (-1 + -1 - 47)?
53
Let h = -15 - -18. Calculate the remainder when 33 is divided by 3/h*72/4.
15
Suppose -22*f + 2466 = -19*f. What is the remainder when f is divided by 75?
72
Suppose 479 = 16*b + 143. What is the remainder when b is divided by 13?
8
Let f = -19 + 29. Let d(h) = h - 34. Let c(o) = o - 35. Let t(x) = 3*c(x) - 4*d(x). What is the remainder when t(13) is divided by f?
8
Let u = -13 - -15. Suppose -u*k + 10 = -28. What is the remainder when 75 is divided by k?
18
Suppose 0*d + d - 13 = 0. Suppose 0 = -11*h + 7*h. Suppose -5*w + 47 + 73 = h. What is the remainder when w is divided by d?
11
Suppose -5*w = 3*x - 596, 4*x + 4*w = -x + 1002. Calculate the remainder when x is divided by 6.
4
Suppose 3*w - 5*b - 11 = 0, -w - 2*b = -0*w. Let g = -377 - -383. Suppose -w*k - 208 = -g*k. What is the remainder when k is divided by 18?
16
Suppose -140 = 51*c - 56*c. What is the remainder when 46 is divided by c?
18
Let q(k) = -k**3 + 14*k**2 - 5. Let t be q(14). Let m(n) = -n + 3*n + 6*n**2 - 3*n + n**3 + 5*n. Calculate the remainder when 9 is divided by m(t).
4
Let i = 32 - 29. Let w be 2 + i*298/6. Suppose -6*o = -221 - w. Calculate the remainder when o is divided by 16.
14
Let f(r) be the second derivative of -r**4/12 + r**3 + 6*r**2 + 5*r. What is the remainder when f(5) is divided by 9?
8
Let n(t) = 1. Let c(p) = 2*p - 1. Let x(u) = -c(u) - 3*n(u). Let h = 43 + 9. Calculate the remainder when h is divided by x(-10).
16
Suppose 0*q = -6*q + 60. Let m be (q - 12)/((-2)/168). Suppose 4*p = 5*j - 145, 13 = -5*j + 2*p + m. What is the remainder when j is divided by 9?
6
Let o(m) = m**2 - 7*m + 7. Suppose -u = -0*u - 1. Suppose 3*z - 22 = z - 2*t, 4*t + u = z. What is the remainder when o(11) is divided by z?
6
Let i(n) = -5*n + 66. Let t be i(0). Suppose 0 = -12*c + 14*c - t. What is the remainder when c is divided by 3?
0
Let w(a) = -a**3 + 6*a**2 - a - 11. Suppose u + 5*n - 27 = 3*n, 3*n - 9 = 0. Calculate the remainder when u is divided by w(5).
3
Suppose -3*v - 6*v = -1359. Let w = v + -98. What is the remainder when w is divided by 19?
15
What is the remainder when (-1024 + 29)*(-3)/15 is divided by 19?
9
Suppose -5*c + 60 - 10 = 0. Calculate the remainder when 69 is divided by c.
9
Suppose -733 = -20*a - 113. What is the remainder when a is divided by 6/24 + 126/8?
15
Let k(x) = x**3 - 17*x**2 + 18*x - 8. Let q be k(16). Suppose 31 = n - i, 80 = 2*n - 5*i + q. What is the remainder when 129 is divided by n?
30
Let j = -24 - -24. Suppose 7*h = -j*h + 98. Calculate the remainder when 23 is divided by h.
9
Let a(b) = 4*b**2 + 4*b - 119. What is the remainder when a(-12) is divided by 82?
81
Let t be 3*8 - (-7)/((-21)/12). Let d = 33 - t. Calculate the remainder when 51 is divided by d.
12
Let s = 805 + -781. Calculate the remainder when 119 is divided by s.
23
Suppose -x = x - 3*q - 95, 34 = x + 3*q. Let o be (8/(-20))/((-3)/345). Suppose o = -0*n + 2*n. What is the remainder when x is divided by n?
20
Suppose -3*f + 494 = 203. Calculate the remainder when f is divided by 10.
7
Suppose 4*x + 19 = s, 0*s - 29 = -3*s + 5*x. Suppose s*q - 156 = q. Calculate the remainder when q is divided by 16.
14
What is the remainder when ((-20)/(-10))/(1/36) is divided by 9 - (-12 + (3 - -3))?
12
Let m be 0 - -1 - (-1 - -53). Let f(d) = -78*d**3 - 2*d**2 + 2*d - 1. Let v be f(1). Let b = m - v. What is the remainder when 81 is divided by b?
25
Suppose 14*g - 9*g - 50 = 0. Suppose 4*y - 8 = -5*a - 123, 3*y - 5*a = -95. Let v = -4 - y. Calculate the remainder when v is divided by g.
6
Let w = -149 - -196. What is the remainder when 1079 is divided by w?
45
What is the remainder when 678 is divided by (-30)/12*(-456)/10?
108
Suppose w = -4*v + 342, 4*v - 7*w - 338 = -6*w. What is the remainder when v is divided by 27?
4
Let b be (3 - (0 - 4)) + -2. Suppose -2*m - 4*t + 56 = 0, 2*m - 4*t + b*t - 62 = 0. What is the remainder when m is divided by 18?
14
Suppose -4*q - 3*k + 58 = -0*q, 0 = -4*k + 8. Let i = q + -26. Let w = i - -22. Calculate the remainder when w is divided by 6.
3
Let m(n) = n**3 + 15*n**2 - 15*n + 21. Let h be m(-16). Suppose 0 = -3*z + 29 + 16. Calculate the remainder when (h + 8/(-2))*42 is divided by z.
12
Let c(x) = -x**3 - 3*x**2 + 6*x + 6. Suppose z = -2*z + 2*k - 2, -z - 2*k = 14. Let t be c(z). Calculate the remainder when (1904/(-32))/(1/t) is divided by 30.
29
Suppose 6*y = 12*y - 108. Let w(k) = k**2 - 13*k - 33. Calculate the remainder when w(y) is divi